{"id":1152,"date":"2013-07-08T15:02:03","date_gmt":"2013-07-08T13:02:03","guid":{"rendered":"https:\/\/osp.wezewo.info\/New\/?page_id=1152"},"modified":"2020-11-25T21:17:08","modified_gmt":"2020-11-25T20:17:08","slug":"o-nas","status":"publish","type":"page","link":"https:\/\/osp.wezewo.info\/?page_id=1152","title":{"rendered":"O NAS"},"content":{"rendered":"<div class=\"entry\">\n<p>Witamy na stronie internetowej <strong>Ochotniczej Stra\u017cy Po\u017carnej w W\u0119\u017cewie.<\/strong><\/p>\n<p style=\"text-align: justify;\">Celem strony jest przedstawienie ca\u0142okszta\u0142tu naszej dzia\u0142alno\u015bci. Od pocz\u0105tk\u00f3w zajmujemy si\u0119 przede wszystkim ochron\u0105 przed \u017cywio\u0142ami nieruchomo\u015bci i ruchomo\u015bci miesza\u0144c\u00f3w W\u0119\u017cewa oraz okolicznych miejscowo\u015bci. Integrujemy lokaln\u0105 spo\u0142eczno\u015b\u0107 oraz dbamy o jej interesy\u00a0 Prezentujemy tu nasz\u0105 histori\u0119, tera\u017aniejszo\u015b\u0107 oraz plany na przysz\u0142o\u015b\u0107. Mi\u0142ego zwiedzania.<\/p>\n<\/div>\n\n\n<figure class=\"wp-block-image size-large\"><img loading=\"lazy\" decoding=\"async\" width=\"1024\" height=\"769\" src=\"https:\/\/osp.wezewo.info\/wp-content\/uploads\/2020\/11\/89262140_1358434111011511_8507165332345978880_o-1024x769.jpg\" alt=\"\" class=\"wp-image-11194\" srcset=\"https:\/\/osp.wezewo.info\/wp-content\/uploads\/2020\/11\/89262140_1358434111011511_8507165332345978880_o-1024x769.jpg 1024w, https:\/\/osp.wezewo.info\/wp-content\/uploads\/2020\/11\/89262140_1358434111011511_8507165332345978880_o-300x225.jpg 300w, https:\/\/osp.wezewo.info\/wp-content\/uploads\/2020\/11\/89262140_1358434111011511_8507165332345978880_o-768x577.jpg 768w, https:\/\/osp.wezewo.info\/wp-content\/uploads\/2020\/11\/89262140_1358434111011511_8507165332345978880_o-1536x1154.jpg 1536w, https:\/\/osp.wezewo.info\/wp-content\/uploads\/2020\/11\/89262140_1358434111011511_8507165332345978880_o-360x270.jpg 360w, https:\/\/osp.wezewo.info\/wp-content\/uploads\/2020\/11\/89262140_1358434111011511_8507165332345978880_o.jpg 2048w\" sizes=\"auto, (max-width: 1024px) 100vw, 1024px\" \/><\/figure>\n","protected":false},"excerpt":{"rendered":"<p>Witamy na stronie internetowej Ochotniczej Stra\u017cy Po\u017carnej w W\u0119\u017cewie. Celem strony jest przedstawienie ca\u0142okszta\u0142tu naszej dzia\u0142alno\u015bci. Od pocz\u0105tk\u00f3w zajmujemy si\u0119 przede wszystkim ochron\u0105 przed \u017cywio\u0142ami nieruchomo\u015bci i ruchomo\u015bci miesza\u0144c\u00f3w W\u0119\u017cewa oraz okolicznych miejscowo\u015bci. Integrujemy lokaln\u0105 spo\u0142eczno\u015b\u0107 oraz dbamy o jej interesy\u00a0 Prezentujemy tu nasz\u0105 histori\u0119, tera\u017aniejszo\u015b\u0107 oraz plany na przysz\u0142o\u015b\u0107. Mi\u0142ego zwiedzania.<\/p>\n","protected":false},"author":2,"featured_media":0,"parent":0,"menu_order":0,"comment_status":"closed","ping_status":"closed","template":"","meta":{"_editorskit_title_hidden":false,"_editorskit_reading_time":0,"_editorskit_is_block_options_detached":false,"_editorskit_block_options_position":"{}","_mc_calendar":[],"footnotes":""},"class_list":["post-1152","page","type-page","status-publish","hentry"],"_links":{"self":[{"href":"https:\/\/osp.wezewo.info\/index.php?rest_route=\/wp\/v2\/pages\/1152","targetHints":{"allow":["GET"]}}],"collection":[{"href":"https:\/\/osp.wezewo.info\/index.php?rest_route=\/wp\/v2\/pages"}],"about":[{"href":"https:\/\/osp.wezewo.info\/index.php?rest_route=\/wp\/v2\/types\/page"}],"author":[{"embeddable":true,"href":"https:\/\/osp.wezewo.info\/index.php?rest_route=\/wp\/v2\/users\/2"}],"replies":[{"embeddable":true,"href":"https:\/\/osp.wezewo.info\/index.php?rest_route=%2Fwp%2Fv2%2Fcomments&post=1152"}],"version-history":[{"count":18,"href":"https:\/\/osp.wezewo.info\/index.php?rest_route=\/wp\/v2\/pages\/1152\/revisions"}],"predecessor-version":[{"id":11416,"href":"https:\/\/osp.wezewo.info\/index.php?rest_route=\/wp\/v2\/pages\/1152\/revisions\/11416"}],"wp:attachment":[{"href":"https:\/\/osp.wezewo.info\/index.php?rest_route=%2Fwp%2Fv2%2Fmedia&parent=1152"}],"curies":[{"name":"wp","href":"https:\/\/api.w.org\/{rel}","templated":true}]}}