{"id":2942,"date":"2015-01-25T14:53:36","date_gmt":"2015-01-25T13:53:36","guid":{"rendered":"https:\/\/osp.wezewo.info\/New\/?page_id=2942"},"modified":"2016-02-06T15:11:23","modified_gmt":"2016-02-06T14:11:23","slug":"zdarzenia-2013","status":"publish","type":"page","link":"https:\/\/osp.wezewo.info\/?page_id=2942","title":{"rendered":"ZDARZENIA 2013"},"content":{"rendered":"<p>Akcje i zdarzenia w kt\u00f3rych uczestniczy\u0142a OSP W\u0118\u017bEWO w roku 2013<\/p>\n<h2>Zdarzenie w dniu 23-06-2013 godzina 21:32<\/h2>\n<p>Adres zdarzenia \u2013 \u017bbiki<br \/>\nTyp zdarzenia &#8211; Po\u017car stosu opon<br \/>\nCzas trwania akcji 0:42<br \/>\nLista uczestnik\u00f3w:<\/p>\n<ul>\n<li>Go\u0142ota Micha\u0142<\/li>\n<li>Grzeszczak Robert<\/li>\n<li>Jaszczurowski Piotr<\/li>\n<li>Mas\u0142owski Kamil<\/li>\n<li>Smosarski Bartosz<\/li>\n<li>Sucho\u0142biak Krzysztof<\/li>\n<li>Sucho\u0142biak Rafa\u0142<\/li>\n<\/ul>\n","protected":false},"excerpt":{"rendered":"<p>Akcje i zdarzenia w kt\u00f3rych uczestniczy\u0142a OSP W\u0118\u017bEWO w roku 2013 Zdarzenie w dniu 23-06-2013 godzina 21:32 Adres zdarzenia \u2013 \u017bbiki Typ zdarzenia &#8211; Po\u017car stosu opon Czas trwania akcji 0:42 Lista uczestnik\u00f3w: Go\u0142ota Micha\u0142 Grzeszczak Robert Jaszczurowski Piotr Mas\u0142owski Kamil Smosarski Bartosz Sucho\u0142biak Krzysztof Sucho\u0142biak Rafa\u0142<\/p>\n","protected":false},"author":2,"featured_media":0,"parent":632,"menu_order":0,"comment_status":"closed","ping_status":"closed","template":"","meta":{"_editorskit_title_hidden":false,"_editorskit_reading_time":0,"_editorskit_is_block_options_detached":false,"_editorskit_block_options_position":"{}","_mc_calendar":[],"footnotes":""},"class_list":["post-2942","page","type-page","status-publish","hentry"],"_links":{"self":[{"href":"https:\/\/osp.wezewo.info\/index.php?rest_route=\/wp\/v2\/pages\/2942","targetHints":{"allow":["GET"]}}],"collection":[{"href":"https:\/\/osp.wezewo.info\/index.php?rest_route=\/wp\/v2\/pages"}],"about":[{"href":"https:\/\/osp.wezewo.info\/index.php?rest_route=\/wp\/v2\/types\/page"}],"author":[{"embeddable":true,"href":"https:\/\/osp.wezewo.info\/index.php?rest_route=\/wp\/v2\/users\/2"}],"replies":[{"embeddable":true,"href":"https:\/\/osp.wezewo.info\/index.php?rest_route=%2Fwp%2Fv2%2Fcomments&post=2942"}],"version-history":[{"count":3,"href":"https:\/\/osp.wezewo.info\/index.php?rest_route=\/wp\/v2\/pages\/2942\/revisions"}],"predecessor-version":[{"id":4292,"href":"https:\/\/osp.wezewo.info\/index.php?rest_route=\/wp\/v2\/pages\/2942\/revisions\/4292"}],"up":[{"embeddable":true,"href":"https:\/\/osp.wezewo.info\/index.php?rest_route=\/wp\/v2\/pages\/632"}],"wp:attachment":[{"href":"https:\/\/osp.wezewo.info\/index.php?rest_route=%2Fwp%2Fv2%2Fmedia&parent=2942"}],"curies":[{"name":"wp","href":"https:\/\/api.w.org\/{rel}","templated":true}]}}