{"id":4212,"date":"2016-02-06T14:25:57","date_gmt":"2016-02-06T13:25:57","guid":{"rendered":"https:\/\/osp.wezewo.info\/?page_id=4212"},"modified":"2016-02-07T10:04:14","modified_gmt":"2016-02-07T09:04:14","slug":"zdarzenia-2015","status":"publish","type":"page","link":"https:\/\/osp.wezewo.info\/?page_id=4212","title":{"rendered":"ZDARZENIA 2015"},"content":{"rendered":"<p>Akcje i zdarzenia w kt\u00f3rych uczestniczy\u0142a OSP W\u0118\u017bEWO w roku 2015<\/p>\n<h2>Zdarzenie w dniu 23.05.2015 godzina 22:50<\/h2>\n<p>Adres zdarzenia &#8211; W\u0119\u017cewo<br \/>\nTyp zdarzenia &#8211; Wypadek drogowy<br \/>\nCzas trwania akcji 0:21 minut<br \/>\nLista uczestnik\u00f3w:<\/p>\n<ul>\n<li>Grzeszczak Robert<\/li>\n<li>Grzeszczak Leszek<\/li>\n<li>Traczyk Andrzej<\/li>\n<li>Go\u0142ota Micha\u0142<\/li>\n<li>Wronowski S\u0142awomir<\/li>\n<\/ul>\n<h2>Zdarzenie w dniu 07-06-2015 godzina 14:24<\/h2>\n<p>Adres zdarzenia \u2013 Szlasy &#8211; Umiemy<br \/>\nTyp zdarzenia &#8211; Po\u017car drewnianej stodo\u0142y<br \/>\nCzas trwania akcji 1:37 minut<br \/>\nLista uczestnik\u00f3w:<\/p>\n<ul>\n<li>Grzeszczak Robert<\/li>\n<li>Go\u0142ota Micha\u0142<\/li>\n<li>Traczyk Zdzis\u0142aw<\/li>\n<li>Grzeszczak Pawe\u0142<\/li>\n<li>Grzeszczak Leszek<\/li>\n<li>Grzeszczak Jaros\u0142aw<\/li>\n<li>Jakubowski Zbigniew<\/li>\n<li>Jaszczurowski Piotr<\/li>\n<\/ul>\n<h2>Zdarzenie w dniu 11-07-2015 godzina 13:19<\/h2>\n<p>Adres zdarzenia \u2013 Barto\u0142dy<br \/>\nTyp zdarzenia &#8211; Po\u017car drewnianej stodo\u0142y<br \/>\nCzas trwania akcji 5:19 minut<br \/>\nLista uczestnik\u00f3w:<\/p>\n<ul>\n<li>Grzeszczak Robert<\/li>\n<li>Go\u0142ota Micha\u0142<\/li>\n<li>Grzeszczak Pawe\u0142<\/li>\n<li>Grzeszczak Leszek<\/li>\n<li>Mas\u0142owski Kamil<\/li>\n<\/ul>\n<h2>Zdarzenie w dniu 19.07.2015 godzina 20:00<\/h2>\n<p>Adres zdarzenia &#8211; W\u0119\u017cewo<br \/>\nTyp zdarzenia &#8211; zwalony konar drzewa na drodze powiatowej<br \/>\nCzas trwania akcji 1:00 minut<br \/>\nLista uczestnik\u00f3w:<\/p>\n<ul>\n<li>Go\u0142ota Micha\u0142<\/li>\n<li>Jaszczurowski Piotr<\/li>\n<li>\u017bbikowski Piotr<\/li>\n<li>B\u0142aszczak \u0141ukasz<\/li>\n<li>Kwiatkowski Pawe\u0142<\/li>\n<li>Mas\u0142owski Kamil<\/li>\n<li>Grzeszczak Jaros\u0142aw<\/li>\n<\/ul>\n<h2>Zdarzenie w dniu 19.07.2015 w godzina 21:18<\/h2>\n<p>Adres zdarzenia &#8211; W\u0119\u017cewo<br \/>\nTyp zdarzenia &#8211; zwalony konar drzewa na drodze powiatowej<br \/>\nCzas trwania akcji 1:19 minut<br \/>\nLista uczestnik\u00f3w:<\/p>\n<ul>\n<li>Go\u0142ota Micha\u0142<\/li>\n<li>Jaszczurowski Piotr<\/li>\n<li>\u017bbikowski Piotr<\/li>\n<li>B\u0142aszczak \u0141ukasz<\/li>\n<li>Kwiatkowski Pawe\u0142<\/li>\n<li>Mas\u0142owski Kamil<\/li>\n<li>Grzeszczak Jaros\u0142aw<\/li>\n<\/ul>\n<h2>Zdarzenie w dniu 17.08.2015 godzina 13:23<\/h2>\n<p>Adres zdarzenia &#8211; Kozin<br \/>\nTyp zdarzenia &#8211; Po\u017car lasu<br \/>\nCzas trwania akcji 1:22 minut<br \/>\nLista uczestnik\u00f3w:<\/p>\n<ul>\n<li>Go\u0142ota Micha\u0142<\/li>\n<li>Grzeszczak Leszek<\/li>\n<li>\u017bbikowski Piotr<\/li>\n<li>B\u0142aszczak \u0141ukasz<\/li>\n<li>Mas\u0142owski Kamil<\/li>\n<li>Grzeszczak Jaros\u0142aw<\/li>\n<\/ul>\n<h2>Zdarzenie w dniu 12.10.2015 o godzinie 21:21<\/h2>\n<p>Adres zdarzenia &#8211; Mosaki Rukle<br \/>\nTyp zdarzenia &#8211; Po\u017car traw<br \/>\nCzas trwania akcji 0:58 minut<br \/>\nLista uczestnik\u00f3w:<\/p>\n<p>Grzeszczak Leszek<br \/>\nGrzeszczak Pawe\u0142<br \/>\nSucho\u0142biak Rafa\u0142<br \/>\nB\u0142aszczak \u0141ukasz<br \/>\nBojarski Pawe\u0142<br \/>\nWenda Jaros\u0142aw<\/p>\n<h2>Zdarzenie w dniu 16.10.2015 o godzinie 18:29<\/h2>\n<p>Adres zdarzenia W\u0119\u017cewo<br \/>\nTyp zdarzenia &#8211; zap\u0142on sadzy<br \/>\nCzas trwania akcji 0:46 minut<br \/>\nLista uczestnik\u00f3w:<\/p>\n<ul>\n<li>Grzeszczak Leszek<\/li>\n<li>Go\u0142ota Micha\u0142<\/li>\n<li>Grzeszczak Pawe\u0142<\/li>\n<li>B\u0142aszczak \u0141ukasz<\/li>\n<li>Bojarski Pawe\u0142<\/li>\n<li>Grzeszczak Robert<\/li>\n<\/ul>\n<h2>Zdarzenie w dniu 27.10.2015 o godzinie 08:46<\/h2>\n<p>Adres zdarzenia &#8211; W\u0119\u017cewo<br \/>\nTyp zdarzenia &#8211; zwalony konar drzewa na drodze powiatowej<br \/>\nCzas trwania akcji 0:23 minut<br \/>\nLista uczestnik\u00f3w:<\/p>\n<ul>\n<li>Wyszkowski Krzysztof<\/li>\n<li>\u017bbikowski Piotr<\/li>\n<li>Go\u0142ota Maciej<\/li>\n<li>Go\u0142ota Micha\u0142<\/li>\n<li>Grzeszczak Pawe\u0142<\/li>\n<li>Grzeszczak Jaros\u0142aw<\/li>\n<\/ul>\n","protected":false},"excerpt":{"rendered":"<p>Akcje i zdarzenia w kt\u00f3rych uczestniczy\u0142a OSP W\u0118\u017bEWO w roku 2015 Zdarzenie w dniu 23.05.2015 godzina 22:50 Adres zdarzenia &#8211; W\u0119\u017cewo Typ zdarzenia &#8211; Wypadek drogowy Czas trwania akcji 0:21 minut Lista uczestnik\u00f3w: Grzeszczak Robert Grzeszczak Leszek Traczyk Andrzej Go\u0142ota Micha\u0142 Wronowski S\u0142awomir Zdarzenie w dniu 07-06-2015 godzina 14:24 Adres zdarzenia \u2013 Szlasy &#8211; Umiemy [&hellip;]<\/p>\n","protected":false},"author":2,"featured_media":0,"parent":632,"menu_order":0,"comment_status":"closed","ping_status":"closed","template":"","meta":{"_editorskit_title_hidden":false,"_editorskit_reading_time":0,"_editorskit_is_block_options_detached":false,"_editorskit_block_options_position":"{}","_mc_calendar":[],"footnotes":""},"class_list":["post-4212","page","type-page","status-publish","hentry"],"_links":{"self":[{"href":"https:\/\/osp.wezewo.info\/index.php?rest_route=\/wp\/v2\/pages\/4212","targetHints":{"allow":["GET"]}}],"collection":[{"href":"https:\/\/osp.wezewo.info\/index.php?rest_route=\/wp\/v2\/pages"}],"about":[{"href":"https:\/\/osp.wezewo.info\/index.php?rest_route=\/wp\/v2\/types\/page"}],"author":[{"embeddable":true,"href":"https:\/\/osp.wezewo.info\/index.php?rest_route=\/wp\/v2\/users\/2"}],"replies":[{"embeddable":true,"href":"https:\/\/osp.wezewo.info\/index.php?rest_route=%2Fwp%2Fv2%2Fcomments&post=4212"}],"version-history":[{"count":5,"href":"https:\/\/osp.wezewo.info\/index.php?rest_route=\/wp\/v2\/pages\/4212\/revisions"}],"predecessor-version":[{"id":4602,"href":"https:\/\/osp.wezewo.info\/index.php?rest_route=\/wp\/v2\/pages\/4212\/revisions\/4602"}],"up":[{"embeddable":true,"href":"https:\/\/osp.wezewo.info\/index.php?rest_route=\/wp\/v2\/pages\/632"}],"wp:attachment":[{"href":"https:\/\/osp.wezewo.info\/index.php?rest_route=%2Fwp%2Fv2%2Fmedia&parent=4212"}],"curies":[{"name":"wp","href":"https:\/\/api.w.org\/{rel}","templated":true}]}}

<p>Akcje i zdarzenia w których uczestniczyła OSP WĘŻEWO w roku 2015</p>
<h2>Zdarzenie w dniu 23.05.2015 godzina 22:50</h2>
<p>Adres zdarzenia &#8211; Wężewo<br />
Typ zdarzenia &#8211; Wypadek drogowy<br />
Czas trwania akcji 0:21 minut<br />
Lista uczestników:</p>
<ul>
<li>Grzeszczak Robert</li>
<li>Grzeszczak Leszek</li>
<li>Traczyk Andrzej</li>
<li>Gołota Michał</li>
<li>Wronowski Sławomir</li>
</ul>
<h2>Zdarzenie w dniu 07-06-2015 godzina 14:24</h2>
<p>Adres zdarzenia – Szlasy &#8211; Umiemy<br />
Typ zdarzenia &#8211; Pożar drewnianej stodoły<br />
Czas trwania akcji 1:37 minut<br />
Lista uczestników:</p>
<ul>
<li>Grzeszczak Robert</li>
<li>Gołota Michał</li>
<li>Traczyk Zdzisław</li>
<li>Grzeszczak Paweł</li>
<li>Grzeszczak Leszek</li>
<li>Grzeszczak Jarosław</li>
<li>Jakubowski Zbigniew</li>
<li>Jaszczurowski Piotr</li>
</ul>
<h2>Zdarzenie w dniu 11-07-2015 godzina 13:19</h2>
<p>Adres zdarzenia – Bartołdy<br />
Typ zdarzenia &#8211; Pożar drewnianej stodoły<br />
Czas trwania akcji 5:19 minut<br />
Lista uczestników:</p>
<ul>
<li>Grzeszczak Robert</li>
<li>Gołota Michał</li>
<li>Grzeszczak Paweł</li>
<li>Grzeszczak Leszek</li>
<li>Masłowski Kamil</li>
</ul>
<h2>Zdarzenie w dniu 19.07.2015 godzina 20:00</h2>
<p>Adres zdarzenia &#8211; Wężewo<br />
Typ zdarzenia &#8211; zwalony konar drzewa na drodze powiatowej<br />
Czas trwania akcji 1:00 minut<br />
Lista uczestników:</p>
<ul>
<li>Gołota Michał</li>
<li>Jaszczurowski Piotr</li>
<li>Żbikowski Piotr</li>
<li>Błaszczak Łukasz</li>
<li>Kwiatkowski Paweł</li>
<li>Masłowski Kamil</li>
<li>Grzeszczak Jarosław</li>
</ul>
<h2>Zdarzenie w dniu 19.07.2015 w godzina 21:18</h2>
<p>Adres zdarzenia &#8211; Wężewo<br />
Typ zdarzenia &#8211; zwalony konar drzewa na drodze powiatowej<br />
Czas trwania akcji 1:19 minut<br />
Lista uczestników:</p>
<ul>
<li>Gołota Michał</li>
<li>Jaszczurowski Piotr</li>
<li>Żbikowski Piotr</li>
<li>Błaszczak Łukasz</li>
<li>Kwiatkowski Paweł</li>
<li>Masłowski Kamil</li>
<li>Grzeszczak Jarosław</li>
</ul>
<h2>Zdarzenie w dniu 17.08.2015 godzina 13:23</h2>
<p>Adres zdarzenia &#8211; Kozin<br />
Typ zdarzenia &#8211; Pożar lasu<br />
Czas trwania akcji 1:22 minut<br />
Lista uczestników:</p>
<ul>
<li>Gołota Michał</li>
<li>Grzeszczak Leszek</li>
<li>Żbikowski Piotr</li>
<li>Błaszczak Łukasz</li>
<li>Masłowski Kamil</li>
<li>Grzeszczak Jarosław</li>
</ul>
<h2>Zdarzenie w dniu 12.10.2015 o godzinie 21:21</h2>
<p>Adres zdarzenia &#8211; Mosaki Rukle<br />
Typ zdarzenia &#8211; Pożar traw<br />
Czas trwania akcji 0:58 minut<br />
Lista uczestników:</p>
<p>Grzeszczak Leszek<br />
Grzeszczak Paweł<br />
Suchołbiak Rafał<br />
Błaszczak Łukasz<br />
Bojarski Paweł<br />
Wenda Jarosław</p>
<h2>Zdarzenie w dniu 16.10.2015 o godzinie 18:29</h2>
<p>Adres zdarzenia Wężewo<br />
Typ zdarzenia &#8211; zapłon sadzy<br />
Czas trwania akcji 0:46 minut<br />
Lista uczestników:</p>
<ul>
<li>Grzeszczak Leszek</li>
<li>Gołota Michał</li>
<li>Grzeszczak Paweł</li>
<li>Błaszczak Łukasz</li>
<li>Bojarski Paweł</li>
<li>Grzeszczak Robert</li>
</ul>
<h2>Zdarzenie w dniu 27.10.2015 o godzinie 08:46</h2>
<p>Adres zdarzenia &#8211; Wężewo<br />
Typ zdarzenia &#8211; zwalony konar drzewa na drodze powiatowej<br />
Czas trwania akcji 0:23 minut<br />
Lista uczestników:</p>
<ul>
<li>Wyszkowski Krzysztof</li>
<li>Żbikowski Piotr</li>
<li>Gołota Maciej</li>
<li>Gołota Michał</li>
<li>Grzeszczak Paweł</li>
<li>Grzeszczak Jarosław</li>
</ul>

<p>Akcje i zdarzenia w których uczestniczyła OSP WĘŻEWO w roku 2015 Zdarzenie w dniu 23.05.2015 godzina 22:50 Adres zdarzenia &#8211; Wężewo Typ zdarzenia &#8211; Wypadek drogowy Czas trwania akcji 0:21 minut Lista uczestników: Grzeszczak Robert Grzeszczak Leszek Traczyk Andrzej Gołota Michał Wronowski Sławomir Zdarzenie w dniu 07-06-2015 godzina 14:24 Adres zdarzenia – Szlasy &#8211; Umiemy [&hellip;]</p>
