{"id":582,"date":"2013-07-08T14:26:58","date_gmt":"2013-07-08T12:26:58","guid":{"rendered":"https:\/\/osp.wezewo.info\/New\/?page_id=582"},"modified":"2020-12-01T13:45:28","modified_gmt":"2020-12-01T12:45:28","slug":"kontakt","status":"publish","type":"page","link":"https:\/\/osp.wezewo.info\/?page_id=582","title":{"rendered":"KONTAKT"},"content":{"rendered":"<h3>ADRES<\/h3>\n<p>W\u0119\u017cewo 81, 06-408 Krasne<br \/>pow. przasnyski, woj. mazowieckie<\/p>\n<h3>MAPA<\/h3>\n<p><iframe loading=\"lazy\" src=\"https:\/\/maps.google.pl\/maps?q=osp+wezewo&amp;ie=UTF8&amp;hq=osp+wezewo&amp;hnear=&amp;radius=15000&amp;t=h&amp;ll=52.923263,20.936722&amp;spn=0.006295,0.006295&amp;output=embed\" width=\"570\" height=\"600\" frameborder=\"0\" marginwidth=\"0\" marginheight=\"0\" scrolling=\"no\"><\/iframe><br \/><small><a style=\"color: #b6aca2; text-align: left;\" href=\"https:\/\/maps.google.pl\/maps?q=osp+wezewo&amp;ie=UTF8&amp;hq=osp+wezewo&amp;hnear=&amp;radius=15000&amp;t=h&amp;ll=52.923263,20.936722&amp;spn=0.006295,0.006295&amp;source=embed\">Wy\u015bwietl wi\u0119ksz\u0105 map\u0119<\/a><\/small><\/p>\n<p>Kontakt z nami jest mo\u017cliwi poprzez poni\u017cszy adres e-mail<br \/><a href=\"mailto:osp.wezewo@gmail.com\">osp.wezewo(at)gmail.com<\/a><\/p>\n<p>lub telefonicznie:\u00a0 506-601-076<\/p>\n\n\n<p><\/p>\n","protected":false},"excerpt":{"rendered":"<p>ADRES W\u0119\u017cewo 81, 06-408 Krasnepow. przasnyski, woj. mazowieckie MAPA Wy\u015bwietl wi\u0119ksz\u0105 map\u0119 Kontakt z nami jest mo\u017cliwi poprzez poni\u017cszy adres e-mailosp.wezewo(at)gmail.com lub telefonicznie:\u00a0 506-601-076<\/p>\n","protected":false},"author":2,"featured_media":0,"parent":0,"menu_order":0,"comment_status":"closed","ping_status":"closed","template":"","meta":{"_editorskit_title_hidden":false,"_editorskit_reading_time":0,"_editorskit_is_block_options_detached":false,"_editorskit_block_options_position":"{}","_mc_calendar":[],"footnotes":""},"class_list":["post-582","page","type-page","status-publish","hentry"],"_links":{"self":[{"href":"https:\/\/osp.wezewo.info\/index.php?rest_route=\/wp\/v2\/pages\/582","targetHints":{"allow":["GET"]}}],"collection":[{"href":"https:\/\/osp.wezewo.info\/index.php?rest_route=\/wp\/v2\/pages"}],"about":[{"href":"https:\/\/osp.wezewo.info\/index.php?rest_route=\/wp\/v2\/types\/page"}],"author":[{"embeddable":true,"href":"https:\/\/osp.wezewo.info\/index.php?rest_route=\/wp\/v2\/users\/2"}],"replies":[{"embeddable":true,"href":"https:\/\/osp.wezewo.info\/index.php?rest_route=%2Fwp%2Fv2%2Fcomments&post=582"}],"version-history":[{"count":8,"href":"https:\/\/osp.wezewo.info\/index.php?rest_route=\/wp\/v2\/pages\/582\/revisions"}],"predecessor-version":[{"id":11439,"href":"https:\/\/osp.wezewo.info\/index.php?rest_route=\/wp\/v2\/pages\/582\/revisions\/11439"}],"wp:attachment":[{"href":"https:\/\/osp.wezewo.info\/index.php?rest_route=%2Fwp%2Fv2%2Fmedia&parent=582"}],"curies":[{"name":"wp","href":"https:\/\/api.w.org\/{rel}","templated":true}]}}